hat is the remainder when 220658 is divided by 563?
525
What is the remainder when 14251514 is divided by 655?
24
What is the remainder when 485887 is divided by 5202?
2101
What is the remainder when 140594 is divided by 19926?
1112
What is the remainder when 74427273 is divided by 1036?
1033
What is the remainder when 919626 is divided by 816?
810
Calculate the remainder when 18664 is divided by 125.
39
What is the remainder when 5080805 is divided by 2539892?
1021
Calculate the remainder when 317312 is divided by 2599.
234
Calculate the remainder when 9010325 is divided by 375429.
29
Calculate the remainder when 10936841 is divided by 14.
13
Calculate the remainder when 388269 is divided by 193987.
295
Calculate the remainder when 252769227 is divided by 90.
87
Calculate the remainder when 19298700 is divided by 1286580.
0
What is the remainder when 5616 is divided by 1211?
772
What is the remainder when 64634 is divided by 12?
2
What is the remainder when 14655213 is divided by 93?
87
What is the remainder when 335593 is divided by 41673?
2209
What is the remainder when 8440 is divided by 200?
40
What is the remainder when 379903 is divided by 469?
13
What is the remainder when 5557728 is divided by 1389381?
204
Calculate the remainder when 267676901 is divided by 197.
196
Calculate the remainder when 53625140 is divided by 13166.
22
Calculate the remainder when 3695894 is divided by 144.
134
Calculate the remainder when 24369682 is divided by 355.
352
Calculate the remainder when 52004 is divided by 227.
21
Calculate the remainder when 27451559 is divided by 34837.
3
What is the remainder when 32169579 is divided by 4565?
24
What is the remainder when 814756 is divided by 2257?
2236
Calculate the remainder when 48234886 is divided by 5878.
18
What is the remainder when 54414 is divided by 13103?
2002
Calculate the remainder when 94981 is divided by 3275.
6
Calculate the remainder when 159508 is divided by 2283.
1981
What is the remainder when 113948 is divided by 214?
100
What is the remainder when 621211 is divided by 16347?
25
Calculate the remainder when 55288 is divided by 2908.
36
What is the remainder when 141887761 is divided by 146?
143
Calculate the remainder when 16102988 is divided by 731954.
0
What is the remainder when 2298969 is divided by 1975?
69
Calculate the remainder when 269174 is divided by 170.
64
What is the remainder when 368176 is divided by 10220?
256
What is the remainder when 76743 is divided by 7999?
4752
Calculate the remainder when 852810 is divided by 284146.
372
What is the remainder when 134930655 is divided by 134930642?
13
What is the remainder when 274401 is divided by 1186?
435
What is the remainder when 109202 is divided by 4055?
3772
What is the remainder when 21750106 is divided by 3475?
81
What is the remainder when 24008 is divided by 1998?
32
Calculate the remainder when 504391 is divided by 7973.
2092
What is the remainder when 830690 is divided by 11?
3
What is the remainder when 16577693 is divided by 1275206?
15
Calculate the remainder when 79762 is divided by 25178.
4228
What is the remainder when 162679 is divided by 2?
1
Calculate the remainder when 15319332 is divided by 274.
266
Calculate the remainder when 1168609 is divided by 225.
184
What is the remainder when 1996203 is divided by 177?
174
Calculate the remainder when 19126266 is divided by 341540.
26
What is the remainder when 5775674 is divided by 1868?
1686
Calculate the remainder when 590493 is divided by 1316.
925
What is the remainder when 28187 is divided by 13848?
491
What is the remainder when 164131840 is divided by 143?
15
What is the remainder when 778789 is divided by 11286?
55
What is the remainder when 421376 is divided by 1496?
1000
What is the remainder when 350714 is divided by 7306?
26
Calculate the remainder when 119658 is divided by 23769.
813
What is the remainder when 7156400 is divided by 1869?
1868
What is the remainder when 1283336 is divided by 730?
726
Calculate the remainder when 46159829 is divided by 554.
549
Calculate the remainder when 96516 is divided by 195.
186
What is the remainder when 28069819 is divided by 26?
11
What is the remainder when 25896 is divided by 2236?
1300
What is the remainder when 184479 is divided by 1525?
1479
What is the remainder when 2420903 is divided by 1938?
341
What is the remainder when 29637 is divided by 27?
18
What is the remainder when 34533 is divided by 34433?
100
Calculate the remainder when 200004 is divided by 99974.
56
Calculate the remainder when 1176063 is divided by 21001.
7
What is the remainder when 111344979 is divided by 2341?
2337
What is the remainder when 7262877 is divided by 1158?
1059
Calculate the remainder when 272363 is divided by 14332.
55
What is the remainder when 11116278 is divided by 1036?
1034
Calculate the remainder when 1575142 is divided by 28631.
437
Calculate the remainder when 242074 is divided by 858.
118
What is the remainder when 1446981 is divided by 482325?
6
Calculate the remainder when 125534602 is divided by 31383650.
2
Calculate the remainder when 1265432 is divided by 12782.
14
Calculate the remainder when 13714 is divided by 557.
346
What is the remainder when 264572 is divided by 52868?
232
Calculate the remainder when 338762 is divided by 112822.
296
What is the remainder when 642369 is divided by 30584?
105
What is the remainder when 709866 is divided by 3169?
10
What is the remainder when 58515252 is divided by 105?
12
Calculate the remainder when 21618022 is divided by 715.
712
What is the remainder when 10220963 is divided by 5?
3
What is the remainder when 31950 is divided by 2868?
402
Calculate the remainder when 463650 is divided by 230541.
2568
What is the remainder when 7981996 is divided by 50?
46
Calculate the remainder when 504723 is divided by 28037.
57
Calculate the remainder when 115401983 is divided by 32.
31
Calculate the remainder when 81532791 is divided by 3290.
11
What is the remainder when 13776505 is divided by 654?
649
What is the remainder when 41459 is divided by 124?
43
What is the remainder when 36290 is divided by 1595?
1200
Calculate the remainder when 3885146 is divided by 647308.
1298
What is the remainder when 2379700 is divided by 8980?
0
What is the remainder when 17695020 is divided by 83467?
16
Calculate the remainder when 1300965 is divided by 5023.
8
What is the remainder when 153766 is divided by 4277?
4071
Calculate the remainder when 8302882 is divided by 2767596.
94
Calculate the remainder when 4044052 is divided by 12181.
12141
What is the remainder when 57590540 is divided by 48?
44
What is the remainder when 98901 is divided by 826?
607
Calculate the remainder when 9666587 is divided by 13576.
475
Calculate the remainder when 375601 is divided by 59.
7
What is the remainder when 391905898 is divided by 7?
6
Calculate the remainder when 1070392 is divided by 1115.
1107
What is the remainder when 12892149 is divided by 364?
361
Calculate the remainder when 646136 is divided by 22280.
16
What is the remainder when 4968755 is divided by 1744?
99
Calculate the remainder when 2311290 is divided by 106.
66
What is the remainder when 4677312 is divided by 11?
2
What is the remainder when 207829 is divided by 6493?
53
Calculate the remainder when 76374440 is divided by 138.
134
What is the remainder when 6680267 is divided by 34975?
42
What is the remainder when 16582 is divided by 148?
6
What is the remainder when 1235 is divided by 95?
0
What is the remainder when 2567117 is divided by 694?
11
What is the remainder when 278893 is divided by 6208?
5741
Calculate the remainder when 117223 is divided by 4687.
48
What is the remainder when 10283642 is divided by 3365?
202
Calculate the remainder when 65090 is divided by 18.
2
What is the remainder when 38131607 is divided by 801?
2
Calculate the remainder when 61848798 is divided by 387.
6
What is the remainder when 54711 is divided by 17022?
3645
What is the remainder when 14593137 is divided by 3420?
3417
What is the remainder when 6064779 is divided by 6064770?
9
Calculate the remainder when 723627546 is divided by 21.
12
Calculate the remainder when 89705 is divided by 44620.
465
Calculate the remainder when 397769 is divid